-5*c**2 + 3830 - 1919 - 1913 + 3*c + 6*c**2. Determine y(-3).
-2
Let d(r) = 25 - 24*r + 33 + 33 - 95 - 6*r**2. Give d(-4).
-4
Let q(d) = -23*d + 65*d - 36*d**3 + 1 - 41*d + d**2. Determine q(-1).
37
Let m(z) = 4*z**2 - z**3 - 10 - 4*z**3 + 5*z - z**2 + 4*z**3 + 7. Calculate m(3).
12
Let a(t) be the second derivative of t**5/20 - t**4/2 + t**3/3 + 2*t**2 + 81*t. Give a(6).
16
Let l(y) be the first derivative of y**3/3 - y**2 + 262. Calculate l(4).
8
Let n(r) = -r + 1. Let f be n(6). Let x(s) = -3*s**3 + 6*s - 4*s**2 - 5*s**2 + 7 + 5*s**2 - 2*s**3. Let q(u) = u**3. Let o(p) = 4*q(p) + x(p). Give o(f).
2
Let p(g) = -2*g**2 + 12*g - 7. Let s(t) = 90*t + 7. Let l be s(0). Determine p(l).
-21
Let d(t) = -7*t + 104. Let v be d(14). Let q(f) = f - 6. Give q(v).
0
Let s be (1/(-2))/((-4)/(-88)). Let r(g) be the first derivative of -g**3/3 - 6*g**2 - 7*g - 515. Determine r(s).
4
Let r(d) = -d + 2 - 5 + 4*d**2 + 5. Let a(p) = -5*p**2 + 2*p - 3. Let f(m) = 3*a(m) + 4*r(m). Let z(k) = -k**2 - k + 2. Let h be z(0). Give f(h).
7
Let j(z) be the second derivative of -1/6*z**3 - 2*z**2 + 34*z + 1/12*z**4 + 0. What is j(5)?
16
Let u(r) be the third derivative of -r**5/15 - 7*r**4/6 + 5*r**3/6 - 153*r**2. Give u(-7).
5
Let j(m) = -m**3 - 6*m**2 - 2*m - 5*m + 2*m. Suppose 4*s = -2*s + 12. Suppose -5*v - 23 = s. What is j(v)?
0
Suppose 0 = -3*a - 3*h - 5 - 7, -12 = -4*h. Let p(b) = -b**3 - 8*b**2 - 9*b - 2. Calculate p(a).
12
Suppose 5 = -5*h, 5*q - 2*h = -h - 19. Let i(u) = -4*u + 5. Let b(t) = 13*t - 16. Let c(p) = -2*b(p) - 7*i(p). Determine c(q).
-11
Suppose -35*y - 28*y = -y. Let f(x) = x**2 + x - 41. Calculate f(y).
-41
Let u(l) = 13*l**3 + 2*l**2 + 2*l + 1. Suppose 4*t + 0*v + 82 = 5*v, -v = 5*t + 88. Let n = -19 - t. What is u(n)?
-12
Suppose 16*u - 24 = 13*u + 3*z, 4*z + 11 = u. Let y(g) = g**3 - 6*g**2 - 7*g + 14. Calculate y(u).
14
Let y(n) be the first derivative of n**3/3 + 5*n**2 + 12*n - 3. Let k be (-8)/6 - (-284)/(-12). Let u = k + 17. Give y(u).
-4
Let r(b) = -b**2 - 2. Let s be r(0). Let i(t) be the third derivative of 0*t - 1/6*t**3 - 1/8*t**4 - 1/20*t**5 + 0 + 37*t**2. Give i(s).
-7
Let y(o) = 2*o**3 - 3*o**2 + 3*o - 1. Let z be y(2). Suppose 3*b - 5*l = 9, 0*l - z = -3*b + l. Let j(n) = 0 - n - n + b. Determine j(3).
-3
Let u(w) be the first derivative of -w**5/60 + w**4/3 - 3*w**3 - 11. Let p(d) be the third derivative of u(d). Give p(6).
-4
Let x(d) = 15*d**3 + d**2 - 1. Let g = -130 + 129. Give x(g).
-15
Let w(l) = 3 - l + 0*l - 8. Suppose 3*h - 1 + 10 = 0, -i - 3*h = -56. Let y = i - 60. Give w(y).
-10
Let o(z) = 4*z + 19. Let w be o(-4). Let c(d) be the third derivative of 0*d + 0 - 1/60*d**5 - 3*d**2 - 4/3*d**w + 1/4*d**4. Calculate c(6).
-8
Let a(z) = -z**2 + 6. Suppose -60*d - 110 = -38*d. Give a(d).
-19
Suppose -r + 14 = 5*o - 14, 0 = -2*o + 2*r + 4. Suppose -2*f + 3*f + o*d - 6 = 0, 2*d - 1 = f. Let v(x) = -10*x - 1. Give v(f).
-11
Let m(a) = -2 + 1 + 0 + 2*a. Let b(t) = -t**2 + 65. Let h be b(8). Give m(h).
1
Suppose -30*u = -10*u - 100. Let q(n) = -1 + n + n**3 + u*n**2 + 0 - 6*n. Suppose 0 = 2*f - 2*p + 16, -8 = 2*f - p + 6. Calculate q(f).
-7
Let m(r) = r**3 - 4*r**2 + r + 1. Let t be (-1)/1 - 2 - (-12 + 6). Suppose -2*s + 5 = -t*n + 2, -3*s + 14 = 5*n. Determine m(s).
-5
Let v(k) = -k - 6. Let m = 30 + -17. Suppose 17*g + 24 = m*g. Give v(g).
0
Let g(k) be the second derivative of k**5/30 - k**4/12 + k**3/6 + 7*k**2 - 3*k. Let c(r) be the first derivative of g(r). Give c(3).
13
Let a(s) = 3*s. Let l = 5 + -6. Let k be a(l). Let p(g) = 0*g**2 - 2*g + 2*g**2 + g**3 - g + 3892 - 3890. Determine p(k).
2
Let d(h) be the second derivative of -13/2*h**2 + 0 + 1/6*h**3 - 29*h. Give d(9).
-4
Let y(p) = -54 + 18 - 28*p + 7*p + 20 + 15. What is y(-3)?
62
Let t(b) = 3*b - 14. Let g be t(4). Let w be 2/(-2) - (3 - g). Let u(v) be the second derivative of v**4/12 + 2*v**3/3 - v**2 - 2*v. Determine u(w).
10
Let b(o) be the third derivative of o**7/5040 - o**5/60 - o**2. Let q(s) be the third derivative of b(s). Let t be (-16)/(-6)*(-3)/2. Calculate q(t).
-4
Let q = -258 + 252. Let b(x) = -x**2 + 7*x - 8. Let n be 37/(-4) + 1/4. Let h(f) = -5*f**2 + 29*f - 33. Let j(m) = n*b(m) + 2*h(m). Calculate j(q).
0
Let g(d) = -26 + 41 + 5*d**2 - 22 - d**3 + 2*d. Suppose 0*o + 5*q - 53 = -4*o, -3*o = q - 37. Let u = o - 7. Give g(u).
3
Let d(v) = -5*v - 4. Let q(g) = -g + 1. Let s(i) = d(i) - 4*q(i). Let h be ((-84)/(-35))/((-84)/315). Give s(h).
1
Suppose -a + 0*a = o - 35, 5*o = -4*a + 178. Suppose 5*w + o = -2*g + 3*g, 47 = -5*w + 4*g. Let p(q) = q**3 + 6*q**2 - 7*q - 5. Give p(w).
-5
Let y(x) be the second derivative of x**8/6720 - x**7/504 + x**6/120 - x**5/20 - x**4/12 + 11*x. Let r(h) be the third derivative of y(h). Calculate r(4).
2
Let a(i) = 2*i**3 + 2*i - 3*i**3 + 6 + 2*i + 4*i**2. Let d = -591 + 596. What is a(d)?
1
Let b(o) be the third derivative of -o**6/120 - 13*o**5/60 - o**4 - 3*o**3 + 119*o**2 - o. What is b(-11)?
4
Let i(k) be the first derivative of -7*k**3/6 - k**2/2 + 28*k + 33. Let s(t) be the first derivative of i(t). Calculate s(2).
-15
Let z(g) = 24*g**2 + 16*g - 12. Let v(m) = -19*m**2 - 15*m + 12. Let u(t) = 5*v(t) + 4*z(t). Suppose -4 = -4*p, -c = 3*c + 5*p - 37. What is u(c)?
-12
Let a = -2 + 5. Let f(i) = 7*i**3 - 3*i**2 + 7*i - 4. Let y(l) = 6*l**3 - 3*l**2 + 6*l - 4. Let p(k) = -5*f(k) + 6*y(k). What is p(a)?
-1
Let g(f) be the third derivative of 0*f + 1/3*f**4 + 6*f**2 - 1/15*f**5 + 2/3*f**3 + 0 - 1/120*f**6. Determine g(-5).
-11
Suppose -15*l + 20*l = 30. Let d be -7 + l + (-1 - -5). Suppose 0*k + 5*k = 4*g - 4, d*g + 3*k = -24. Let n(b) = -2*b**2 - 7*b - 4. Determine n(g).
-8
Let v = -34 + 27. Let q(m) = m**2 + 4*m - 15. Give q(v).
6
Let p(n) = n**3 + 12*n**2 + 14. Let q(y) = 28*y + 128. Let l be q(-5). What is p(l)?
14
Let i(b) = -7*b**3 + b**2 - 1. Let s = -40 - -21. Let h = s - -18. What is i(h)?
7
Let v(y) = -5*y**3 + 17*y**2 - 12*y + 5. Let d(i) = -27*i**3 + 86*i**2 - 59*i + 26. Let h(o) = 2*d(o) - 11*v(o). Calculate h(14).
-3
Let r(b) = -39 + 21*b + 84 - 50 - 22*b. Suppose -j + 21 = 3*l, 2*j - 10 = -2*l - 0*j. Calculate r(l).
-13
Suppose -23 = 3*l - 5. Let v = -6 - l. Let x(s) = -6*s - 2*s**2 + 0 + 1 + v*s**2 + s**2. Determine x(-5).
6
Let i(u) = -2*u - 8. Suppose p + y = 6*y + 2, 0 = -2*p - 5*y - 11. Give i(p).
-2
Let n(t) = 3*t - 3. Let i be 10/(-25) - 6/10 - -1. Suppose i*q + 2*k - 9 = -3*q, -4*k = 0. Determine n(q).
6
Let f(k) = -k**2 + 6*k + 2 + 1 + 2*k**2. Let b = -35 - -38. Suppose -2*r = -q - 0 + 4, -5*r - b*q - 21 = 0. Determine f(r).
-6
Let p(k) = -2*k + 10. Let l(f) = -2*f**3 - 23*f**2 + 13*f + 18. Let s be l(-12). What is p(s)?
-2
Let h(r) = -4*r - 1. Let m be h(1). Let z(i) = -i + 5. Let a(n) = 7*n - 5. Let o(c) = c. Let l(g) = a(g) - 5*o(g). Let b(s) = 3*l(s) + 4*z(s). Determine b(m).
-5
Suppose -t - 3*t - 28 = 0. Let s(j) = -j**2 - 4 - 9*j + j**2 - 6 - j**2. Let y be s(t). Let f(m) = m**2 - 3*m - 1. Determine f(y).
3
Let x(c) be the second derivative of -c**3/6 - 2*c**2 - c. Let o be 3/(-8 + 5) - (6 + -3). Determine x(o).
0
Let k = 50 + -2. Let d(c) = 2*c**2 + 51*c - 93*c + k*c. Suppose 3*s = 4*s + 4. Give d(s).
8
Let l(i) = 3*i + 10. Let d(q) be the second derivative of -q**3/3 + 7*q**2/2 + 6*q. Let f be d(6). Let r be l(f). Let a(y) = 2*y. Determine a(r).
-10
Let b(t) = -4*t**2 - 6*t + 4. Let s(y) = -2 + 0 - 5*y + 6 - 3*y**2. Let c(q) = -2*b(q) + 3*s(q). Let n be (-1)/((-39)/(-9) - (3 - -1)). Determine c(n).
4
Let v be -4 + 8/4 + 10. Let s(u) = u**3 - 7*u**2 - 5*u + 3. Give s(v).
27
Let b(z) = z - 3. Let d(t) = -t + 4. Let n(m) = -4*m + 6. Let f be n(3). Let k(x) = f*b(x) - 7*d(x). Give k(6).
-4
Let h(n) = n**3 + 2*n**2 + n + 1. Suppose c + 2*c - 12 = 0, -5*g + c = -11. Suppose -3*q = u - 1 + g, 10 = q + 3*u. Calculate h(q).
-1
Let t(z) = z - 5. Let h(i) = -i**3 + 8*i**2 - 8*i + 7. Suppose -y = 2*g - 12 - 4, 2*g - 5*y = 4. Let v be h(g). Calculate t(v).
-5
Let p(v) = -65*v + 3. Let a(i) = -141*i + 7. Let t(o) = -6*a(o) + 13*p(o). What is t(-5)?
-8
Let i(j) = -j**3 + 12*j**2 - 11*j + 4. Suppose 0 = 10*a - 36 - 74. Determine i(a).
4
Let b = 22 - 21. Let u = 1 - b. Let v(m) = m**2 - 4. Let n be v(u). Let j(r) = -3*r - 2. Determine j(n).
10
Let u(s) = -s**3 + 6*s**2 - s. Let l be u(6). Let t(